
2
Let v(b) = b**3 - 72*b**2 - 659*b + 30. What is v(-8)?
182
Let r(q) = -26*q**3 - 180*q**2 - 90*q + 15. Calculate r(-7).
743
Let v(l) = 49373*l - 52. Determine v(0).
-52
Let z(g) = 4*g**2 + 3714*g + 412517. Determine z(-129).
-25
Let i(h) = -h**3 - 294*h**2 - 6688*h + 357. Determine i(-25).
-568
Let m(v) = 3*v**3 + 341*v**2 + 1282*v + 7928. Calculate m(-110).
8
Let h(u) = -4*u**2 - 1528*u - 144306. Calculate h(-171).
18
Let u(p) = 5*p**3 + 13*p**2 - 30*p - 365. Determine u(-6).
-797
Let y(z) = 9616*z - 221218. Determine y(23).
-50
Let c(r) = -16*r**2 - 54*r + 964. Calculate c(-17).
-2742
Let w(x) = -1601*x + 62504. Give w(39).
65
Let i(u) = 1798*u + 20945. Calculate i(-11).
1167
Let s(m) = -2*m**3 - 64*m**2 - 33*m + 1171. What is s(-31)?
272
Let l(b) = -b**3 + 29*b**2 - 75*b + 1418. What is l(28)?
102
Let l(f) = -2*f**2 + f + 39. Give l(-25).
-1236
Let f(q) = 11*q**3 + 85*q**2 - 380*q + 161. Give f(-11).
-15
Let u(v) = 2*v**3 - 684*v**2 + 2710*v - 2029. What is u(338)?
-1
Let l(j) = 14*j**2 + 248*j - 354. Calculate l(-19).
-12
Let i(u) = -76*u**2 + 471*u. Determine i(4).
668
Let y(j) = j**3 - 12*j**2 + 1030*j - 9021. What is y(9)?
6
Let t(l) = 2*l**3 + 826*l**2 + 9628*l - 2. What is t(-12)?
-50
Let c(o) = 4*o**2 + 183*o + 941. Calculate c(-6).
-13
Let h(k) = -272*k**2 + 20*k - 19. Give h(1).
-271
Let o(t) = t**2 + 634*t - 17260. Give o(26).
-100
Let u(q) = -855*q + 9. Give u(0).
9
Let d(u) = -13*u**3 - 5*u**2 + 192*u - 186. What is d(1)?
-12
Let t(m) = 1345*m - 61856. Determine t(46).
14
Let g(b) = b**3 - 14*b**2 - 299*b - 5113. What is g(30)?
317
Let i(q) = 6*q**3 - 181*q**2 + 132*q - 3011. Determine i(30).
49
Let p(d) = 1436*d + 950817. Calculate p(-662).
185
Let h(q) = -q**3 - 38*q**2 + 415*q + 2044. What is h(-46)?
-118
Let r(w) = -1037*w**2 + 10416*w - 80. Calculate r(10).
380
Let j(k) = k**2 - 58*k + 520. Determine j(17).
-177
Let a(r) = r**3 + 110*r**2 + 1299*r - 26135. Calculate a(-93).
91
Let n(q) = 211*q**3 + 455*q**2 + 60*q + 2. What is n(-2)?
14
Let v(q) = -8448*q - 84272. Determine v(-10).
208
Let f(m) = 2448*m + 7373. Calculate f(-3).
29
Let w(q) = -q**3 + 118*q**2 - 3086*q + 633. Determine w(79).
238
Let j(g) = -5787*g - 46255. What is j(-8)?
41
Let k(c) = -94*c**2 - 2082*c + 11. Determine k(-22).
319
Let v(h) = -5*h**3 + 5260*h**2 + 37077*h - 12714. Determine v(1059).
-6
Let l(c) = -399*c - 6366. Calculate l(-15).
-381
Let k(j) = -4*j**2 + 109084*j + 218191. What is k(-2)?
7
Let z(g) = -g**3 + 86*g**2 - 1406*g - 536. Calculate z(64).
-408
Let p(j) = -1468*j + 5822. What is p(4)?
-50
Let g(t) = -11615*t + 162601. What is g(14)?
-9
Let k(r) = -275994*r - 7727828. Calculate k(-28).
4
Let u(d) = 222901*d + 12928267. Determine u(-58).
9
Let b(g) = 22183*g + 332696. What is b(-15)?
-49
Let z(y) = 10633*y + 4210667. What is z(-396)?
-1
Let k(q) = 10982*q + 812754. Give k(-74).
86
Let v(c) = c**3 + 53*c**2 + 3895*c + 7580. Determine v(-2).
-6
Let a(b) = 24590*b + 74561. Give a(-3).
791
Let x(r) = -r**3 - 19*r**2 + 269*r + 4912. Give x(-16).
-160
Let w(x) = -62*x + 4056. Give w(110).
-2764
Let f(r) = -r**2 + 64*r - 694. Determine f(65).
-759
Let g(h) = 1192*h + 6975. What is g(-6)?
-177
Let f(a) = -a**3 - 47*a**2 - 99*a - 7034. Calculate f(-48).
22
Let i(b) = 8339*b - 1184081. Calculate i(142).
57
Let a(q) = -2*q**2 - 668*q - 54995. What is a(-147)?
-17
Let l(g) = 7*g**2 + 5903*g - 4202. Give l(-844).
18
Let m(b) = -b**2 - 141324*b + 989308. What is m(7)?
-9
Let z(l) = 2*l**2 - 794*l + 78351. Calculate z(183).
27
Let n(w) = -w**3 + 71*w**2 + 6657*w - 472643. What is n(71)?
4
Let u(s) = -234*s**2 + 114*s + 138. Determine u(-1).
-210
Let a(l) = 2834*l - 39678. Calculate a(14).
-2
Let t(d) = d**3 + 109*d**2 - 334*d + 233. Give t(-112).
9
Let y(x) = x**3 + 99*x**2 - 2793*x - 23. Give y(23).
276
Let t(y) = -y**3 - 12*y**2 - 389*y - 4366. Calculate t(-11).
-208
Let o(j) = -11*j**2 - 9804*j + 1520532. What is o(-1026)?
0
Let a(l) = 2*l**3 - 531*l**2 + 1433*l - 31099. What is a(263)?
-65
Let a(j) = -3*j**3 + 478*j**2 - 122*j - 5896. What is a(159)?
-13
Let z(u) = 4900*u - 563452. Give z(115).
48
Let k(y) = -42*y**2 + 821*y - 460. What is k(19)?
-23
Let c(s) = s**3 - s**2 - 15747*s + 62940. What is c(4)?
0
Let i(w) = 4139*w + 124290. Determine i(-30).
120
Let x(a) = -1458*a + 24716. Calculate x(17).
-70
Let v(j) = -6*j**3 - 55*j**2 - 15*j + 209. What is v(-10)?
859
Let n(h) = 11355*h + 21677. What is n(-2)?
-1033
Let f(n) = 64*n**3 + 10*n**2 + 14*n - 15. Calculate f(-2).
-515
Let s(x) = -3*x**2 + 182*x + 22878. Give s(-62).
62
Let f(s) = -80*s**2 - 158*s + 1984. Give f(4).
72
Let n(w) = 12002*w**2 - 9481580*w - 2. Give n(790).
-2
Let y(s) = -s**3 - 116*s**2 + 872*s + 17072. Calculate y(-122).
-8
Let p(m) = -2*m**3 - 38*m**2 - 26*m + 66. Give p(-18).
-114
Let i(n) = -539*n**2 - 1848*n - 1298. Calculate i(-1).
11
Let o(j) = -14*j**3 + 116*j**2 + 687*j + 1. Calculate o(-4).
5
Let n(c) = -64*c**2 - 671*c + 341. Give n(-11).
-22
Let x(l) = 2*l**3 - 8*l**2 - 39*l + 121. What is x(10)?
931
Let z(j) = -j**3 + 60*j**2 + 5326*j + 1604. Give z(109).
-31
Let l(w) = -4*w**3 + 305*w**2 + 192*w + 3005. Calculate l(77).
2
Let j(p) = p**3 + 84*p**2 + 344*p + 1293. Give j(-80).
-627
Let q(y) = -20*y**2 + 416*y - 1258. Give q(3).
-190
Let z(i) = 4*i**3 - 9*i**2 + 64*i - 12. What is z(6)?
912
Let m(k) = 2*k**3 + 134*k**2 + 2223*k - 181. What is m(-31)?
98
Let i(g) = -23*g**2 + 14*g + 4. What is i(-8)?
-1580
Let p(j) = -3572*j + 1675274. What is p(469)?
6
Let a(q) = q**3 + 28*q**2 + 38. What is a(-28)?
38
Let n(p) = -2*p**3 - 14*p**2 + 5*p - 112. What is n(-11)?
801
Let t(n) = 2*n**3 + 192*n**2 + 5511*n + 553358. Calculate t(-97).
-27
Let n(d) = -1236*d**2 + 16065*d + 23. What is n(13)?
-16
Let b(u) = 14*u**3 - 116*u**2 - 15*u - 54. Calculate b(-3).
-1431
Let u(q) = -1516*q + 64351. What is u(40)?
3711
Let g(y) = 1652*y - 486. What is g(1)?
1166
Let d(i) = 4*i**2 - 1023*i + 11000. What is d(244)?
-468
Let a(z) = -23629*z - 212648. What is a(-9)?
13
Let m(j) = -j**3 + 14*j**2 + 83599*j - 167244. Give m(2).
2
Let v(z) = -2146*z - 57680. Calculate v(-27).
262
Let v(y) = -y**3 - 110*y**2 + 217*y + 428. Calculate v(-112).
1212
Let k(h) = -829*h + 268578. What is k(324)?
-18
Let o(l) = 60109*l - 2945278. Give o(49).
63
Let f(j) = -50*j**3 + 29*j**2 - 17*j + 24. Give f(2).
-294
Let w(n) = 6*n**2 + 1948*n + 114411. Calculate w(-77).
-11
Let h(r) = 3*r**2 + 2131*r + 82020. Calculate h(-669).
-936
Let s(u) = 10*u**2 + 32*u + 247. Calculate s(-9).
769
Let u(z) = -z**3 - 493*z**2 + 5*z + 1981. Determine u(-493).
-484
Let r(m) = 3*m**3 - 71*m**2 - 1326*m - 220. Calculate r(36).
-4
Let o(t) = -2*t**2 + 18*t + 78300. Give o(203).
-464
Let c(y) = y**3 + 36*y**2 - 55*y + 670. Calculate c(-39).
-1748
Let t(w) = -w**2 - 1341145*w - 36210178. Calculate t(-27).
8
Let u(d) = 11*d**3 + 473*d**2 + 3081*d + 4. Determine u(-8).
-4
Let l(i) = -i**2 - 878*i + 44654. Give l(48).
206
Let a(r) = -2*r**3 + 86*r**2 + 58*r + 1497. Give a(44).
177
Let k(a) = -3*a**3 - 143*a**2 + 50*a + 388. Give k(-48).
292
Let a(t) = -16349*t + 2207223. Determine a(135).
108
Let w(x) = -4*x**2 - 53*x - 63. Calculate w(-4).
85
Let a(v) = -6*v**2 + 608*v + 880. Determine a(103).
-150
Let q(k) = -k**2 - 259*k - 6145. What is q(-23)?
-717
Let c(g) = -3821*g + 676324. Calculate c(177).
7
Let j(u) = -u**3 - u**2 - 133*u - 543. Calculate j(-5).
222
Let y(i) = 5*i**2 + 497*i + 4046. What is y(-8)?
390
Let g(c) = -c**2 - 91895*c + 1010947. What is g(11)?
-19
Let a(i) = i**3 - 717*i**2 + 4999*i - 21042. Calculate a(710).
-452
Let f(g) = 57*g**3 - 2513*g**2 + 271*g - 2223. Calculate f(44).
21
Let w(i) = -16*i**2 + 217*i + 3267. What is w(-9)?
18
Let i(u) = -22*u**2 - 535*u - 1868. Determine i(-20).
32
Let i(p) = 8*p**2 + 140*p + 1137. Calculate i(-11).
565
Let y(n) = -10*n**2 - 345*n + 922. Give y(-37).
-3
Let l(g) = -13792*g - 67560. What is l(-5)?
1400
Let u(s) = 2836*s**2 - 524659*s - 180. What is u(185)?
5
Let o(h) = -h**2 + 19995*h + 2130723. What is o(-106)?
17
Let y(j) = 6*j**3 - 3*j + 196. Determine y(0).
196
Let i(o) = -54063*o - 865019. Give i(-16).
-11
Let w(u) = u**3 + 4*u**2 + 2*u - 4. What is w(7)?
549
Let l(g) = -2*g**3 + 260*g**2 - 5*g + 536. What is l(130)?
-114
Let o(l) = -139*l**2 - 3060*l - 153. Calc